{"id":16,"date":"2020-10-24T00:02:08","date_gmt":"2020-10-24T00:02:08","guid":{"rendered":"https:\/\/mybsecurityconsulting.com\/?page_id=16"},"modified":"2020-10-24T00:15:17","modified_gmt":"2020-10-24T00:15:17","slug":"mybsecurityconsulting","status":"publish","type":"page","link":"https:\/\/mybsecurityconsulting.com\/index.php\/mybsecurityconsulting\/","title":{"rendered":"Falta pocos d\u00edas&#8230;"},"content":{"rendered":"\n<div class=\"wp-block-image\"><figure class=\"aligncenter size-large\"><img loading=\"lazy\" decoding=\"async\" width=\"500\" height=\"500\" src=\"https:\/\/mybsecurityconsulting.com\/wp-content\/uploads\/2020\/10\/Mybconstrucction-1.png\" alt=\"\" class=\"wp-image-17\" srcset=\"https:\/\/mybsecurityconsulting.com\/wp-content\/uploads\/2020\/10\/Mybconstrucction-1.png 500w, https:\/\/mybsecurityconsulting.com\/wp-content\/uploads\/2020\/10\/Mybconstrucction-1-300x300.png 300w, https:\/\/mybsecurityconsulting.com\/wp-content\/uploads\/2020\/10\/Mybconstrucction-1-150x150.png 150w\" sizes=\"auto, (max-width: 500px) 100vw, 500px\" \/><\/figure><\/div>\n\n\n\n<p class=\"has-text-align-center\">Mart\u00ednez y Bola\u00f1os es una firma constituida por profesionales en diferentes disciplinas inherentes al rengl\u00f3n de la seguridad y el desarrollo empresarial, con una amplia experiencia en el sector.<\/p>\n\n\n\n<p class=\"has-text-align-center\">info@mybsecurityconsulting.com<\/p>\n","protected":false},"excerpt":{"rendered":"<p>Mart\u00ednez y Bola\u00f1os es una firma constituida por profesionales en diferentes disciplinas inherentes al rengl\u00f3n de la seguridad y el desarrollo empresarial, con una amplia experiencia en el sector. info@mybsecurityconsulting.com<\/p>\n","protected":false},"author":1,"featured_media":0,"parent":0,"menu_order":0,"comment_status":"closed","ping_status":"closed","template":"","meta":{"_joinchat":[],"footnotes":""},"class_list":["post-16","page","type-page","status-publish","hentry"],"_links":{"self":[{"href":"https:\/\/mybsecurityconsulting.com\/index.php\/wp-json\/wp\/v2\/pages\/16","targetHints":{"allow":["GET"]}}],"collection":[{"href":"https:\/\/mybsecurityconsulting.com\/index.php\/wp-json\/wp\/v2\/pages"}],"about":[{"href":"https:\/\/mybsecurityconsulting.com\/index.php\/wp-json\/wp\/v2\/types\/page"}],"author":[{"embeddable":true,"href":"https:\/\/mybsecurityconsulting.com\/index.php\/wp-json\/wp\/v2\/users\/1"}],"replies":[{"embeddable":true,"href":"https:\/\/mybsecurityconsulting.com\/index.php\/wp-json\/wp\/v2\/comments?post=16"}],"version-history":[{"count":8,"href":"https:\/\/mybsecurityconsulting.com\/index.php\/wp-json\/wp\/v2\/pages\/16\/revisions"}],"predecessor-version":[{"id":28,"href":"https:\/\/mybsecurityconsulting.com\/index.php\/wp-json\/wp\/v2\/pages\/16\/revisions\/28"}],"wp:attachment":[{"href":"https:\/\/mybsecurityconsulting.com\/index.php\/wp-json\/wp\/v2\/media?parent=16"}],"curies":[{"name":"wp","href":"https:\/\/api.w.org\/{rel}","templated":true}]}}